ommon factor of y and r.
13
Suppose 6*o = -382 + 1402. Calculate the highest common divisor of o and 10.
10
Suppose 1 = 3*m + 6*j - 4*j, j = -4. Suppose -m*x + 14 + 25 = 0. What is the highest common divisor of 208 and x?
13
Suppose 4*c = -3*k + 59, k + 6 = 2*c - c. Suppose 6*p + 175 = c*p. Suppose 53 = 4*u - p. What is the greatest common divisor of u and 198?
22
Suppose -307 = -3*h + 7*v - 6*v, -5*h = 4*v - 540. Suppose -3*q - s + 75 = 0, -42 = -3*q - 4*s + 24. What is the greatest common divisor of q and h?
26
Let z(q) = 45*q + 753. Let r be z(-15). Calculate the greatest common divisor of r and 702.
78
Suppose -4*u + 342 = -306. Calculate the highest common divisor of u and 153.
9
Suppose 5*z + 0*t + 5 = 5*t, 2*t - 2 = 3*z. Suppose -3 = a - z, m + 4*a = 12. What is the greatest common divisor of 120 and m?
24
Suppose -2816 = -4*s - 4*r, -6*r + 2831 = 4*s - 7*r. Let n be ((-4)/18 + s/63)/1. What is the greatest common factor of n and 99?
11
Suppose 6*b = -31*b + 444. Calculate the greatest common divisor of b and 324.
12
Let m be 117616/66 - (-40)/(-660). What is the greatest common divisor of m and 99?
99
Let i = 237 + -190. Calculate the greatest common divisor of i and 235.
47
Suppose 0 = 2*f - 20 - 0. Let y = f + 3. Calculate the highest common factor of y and 104.
13
Let q(w) = -2*w**2 + 10*w - 14. Let f(a) = a**2. Let s(r) = f(r) + q(r). Let t be s(7). Suppose 3*b + 1 = 4*b. Calculate the greatest common divisor of b and t.
1
Suppose -5 = -4*i - 3*k + 31, 5*k + 32 = i. Suppose -5*v - 90 = -20*v. What is the highest common divisor of i and v?
6
Let a(w) = -w**3 - 3*w**2 + w - 8. Let h be a(-4). Suppose n - 106 = -3*n - c, 0 = -2*n + h*c + 62. What is the highest common factor of n and 18?
9
Let b = 13 + -28. Let q(t) = 192*t - 5. Let y be q(-6). Let v be y/b - (-10)/(-75). What is the highest common divisor of v and 11?
11
Suppose -129 = -2*k - 5*m, 125 = 2*k + 6*m - 5*m. Calculate the greatest common divisor of k and 31.
31
Let h(k) = -2*k**3 - k**2 + 5*k + 8. Let y be h(-3). Let j(q) = 2*q**2 - q + 2. Let d be j(-5). Calculate the greatest common divisor of d and y.
19
Suppose -q - 3 + 10 = 0. Let z be (3/(-1))/((-1)/39). Let g = z - 61. What is the greatest common divisor of q and g?
7
Let b be 2/10 - (-1624)/(-20). Let p be (-6)/27 + (-26748)/b. What is the highest common divisor of 30 and p?
30
Let s(u) = 2368*u + 9487. Let i be s(-4). Let c(q) = 76*q**3 - q**2 - q + 1. Let a be c(1). Calculate the greatest common factor of i and a.
15
Let p be ((-14)/4)/(9/18). Let t be 2/p*2 + 632/28. What is the highest common divisor of t and 44?
22
Suppose -5*t + 2770 = 5*w, -1178 = -5*w + 5*t + 1642. What is the highest common factor of w and 43?
43
Let m(h) = -h**2 - 8*h - 6. Let z be m(-7). Let j be 8/4 + z*(11 + 2). What is the highest common divisor of j and 9?
3
Let l(s) = -3*s**2 - 10*s - 20. Let g be l(6). Let t = g - -266. What is the greatest common divisor of 52 and t?
26
Let u(a) = -a**3 - 2*a**2 + 7*a + 3. Let s be u(-4). Let x be (-27)/(-21) + (-2)/s. What is the highest common divisor of 2 and x?
1
Let w(d) = d**2 - 3. Let z be w(3). Let o = 1596 + -1582. Calculate the highest common divisor of o and z.
2
Let k = 132 - 78. Let q(a) = -a + 42. Suppose -3*u + 26 = -4*w, -12 = -3*u + 2*w - 5*w. Let l be q(u). Calculate the greatest common factor of k and l.
18
Suppose 0*x + 4*x = 0. Suppose z + 7 - 52 = x. Let s = 42 + -24. Calculate the highest common factor of s and z.
9
Let l = -22 - -70. Calculate the greatest common divisor of 120 and l.
24
Suppose -g = g - 44. Let w be 82/8 + 27/36. What is the highest common factor of w and g?
11
Suppose -18 = -o + 3*r, -26*o + 21*o + 2*r + 103 = 0. Calculate the highest common divisor of o and 273.
21
Suppose -46*t = 477 - 2869. Calculate the greatest common factor of t and 182.
26
Let q(x) = x**3 + 15*x**2 + 7*x + 24. Let h be q(-15). Let z = h - -95. What is the greatest common factor of z and 238?
14
Let f(c) = c**3 - 3*c**2 - 4*c - 5. Let i be f(4). Let k be (16 + -41)*1*i. What is the highest common divisor of 25 and k?
25
Let k(p) = p**3 - 27*p**2 + 8*p - 40. Let y be k(27). What is the highest common factor of 4 and y?
4
Suppose -4*m + 48 = -4. Let j be ((-10)/(-4))/(25/(-60)) + 32. Calculate the highest common divisor of m and j.
13
Let w(g) = -g**3 + 9*g**2 - 3*g - 20. Let n be w(9). Let t = n - -69. Calculate the greatest common factor of t and 33.
11
Suppose 4*d = m - 23, 5*m - 5*d = 27 + 73. What is the greatest common factor of 19 and m?
19
Suppose 0 = -4*g - 6*j + 9*j + 22, -4*j = -5*g + 28. Suppose -220 = -9*s + 4*s. What is the greatest common factor of g and s?
4
Suppose -k = -z - 3, 3 = 5*k - 4*z - 13. Let y = -3 + 6. Suppose -y*q + 60 = -0*q. Calculate the highest common divisor of k and q.
4
Let x be 3 + (1 - 0 - 0). Let j be (x/12)/(2/66). Suppose -28*f = 23*f - 3366. Calculate the greatest common factor of j and f.
11
Let b(l) = 2*l**2 - 25*l - 13. Let g be b(20). Calculate the greatest common factor of g and 164.
41
Let z(v) = -v**3 + 6*v**2 + 8. Let n be z(6). Suppose 37*w = 34*w + 480. Suppose -6*o = -o - w. Calculate the highest common divisor of n and o.
8
Let m(a) = -18*a. Let w be m(-5). Suppose 360 = 5*p + 5*p. Calculate the highest common factor of p and w.
18
Suppose 0 = -2*a + u + 86, -5*a + 4*a + 48 = 2*u. Calculate the highest common factor of 33 and a.
11
Let m = -164 - -186. Calculate the greatest common divisor of m and 3058.
22
Suppose -19*u = 325 - 439. Suppose 2*q - 131 = 2*s + 3*s, 5*q - 5*s - 365 = 0. Calculate the highest common factor of u and q.
6
Suppose -u - 5*a + 35 = 0, 86 = 3*u - 2*a - 2*a. Calculate the highest common divisor of 240 and u.
30
Let q(h) = 3*h - 108. Let s be q(40). Let w be (-19)/(-1) + (-1)/1. What is the greatest common factor of w and s?
6
Let s(y) = -y**2 + 5*y - 3. Let w be s(4). Let u(h) = 56*h**2 - 3*h + 2. Let f be u(w). What is the greatest common divisor of 22 and f?
11
Let o(d) = -2*d**3 + 38*d**2 - 32*d - 19. Let z be o(18). What is the highest common factor of z and 371?
53
Let v(m) = 5*m + 3. Let h be v(6). Suppose 3 = -c + 2, 0 = 2*o + 5*c + 5. Let r(q) = q**2 + 22. Let w be r(o). Calculate the greatest common divisor of h and w.
11
Let m = 74 + -32. Suppose 5*i - 7 - 68 = 0. Let a be (-14)/(5/(i/(-6))). Calculate the greatest common divisor of a and m.
7
Let o(j) = -j**3 - 19*j**2 + 17*j - 15. Let d be o(-20). Suppose -13*u + d = -267. Calculate the greatest common factor of u and 8.
8
Let v(u) = u + 8. Let w be v(-4). Let x(r) = -11 - 4 + 9*r + w. Let q be x(3). Calculate the greatest common factor of 8 and q.
8
Suppose 0 = 3*l + 2*l - 5. Suppose 26*v - 98 = 3*v + 40. What is the greatest common factor of l and v?
1
Suppose 4*z - 91 = -4*l + 197, 0 = -5*z - 20. What is the greatest common factor of l and 304?
76
Let g = 521 + -265. Suppose -8*q + g = 8*q. Calculate the highest common factor of 8 and q.
8
Let n = -13 + 10. Let w be 2/n - (-640)/15. Let c = 96 - w. Calculate the highest common divisor of c and 6.
6
Let o = -15 + 10. Let f(n) = n**2 + 3*n - 7. Let z be f(o). Let d(u) = -3*u - 9. Let c be d(-4). Calculate the highest common factor of z and c.
3
Let n = 2301 + -1931. What is the highest common factor of n and 592?
74
Let y(i) = i**2 - 7*i - 101. Let o be y(17). What is the highest common factor of o and 4?
1
Let f = -1164 + 1318. What is the highest common divisor of 66 and f?
22
Let d = -34 - -40. Let j be (-360)/(-44) - d/33. Let i(f) = -f**2 + 3*f + 4. Let q be i(3). Calculate the greatest common factor of q and j.
4
Suppose -x = -5*a - 53, -38*a + 41*a = -x + 37. What is the highest common factor of x and 559?
43
Let x = -46 + 87. Suppose -3*m - 2*l = -285 + x, -2*l + 4 = 0. Calculate the greatest common divisor of 16 and m.
16
Let i(r) = -r**2 + 6*r + 2. Let p be i(6). Let m(u) = -3 + u + u**2 + 2*u**2 + 0 + u**p. Let g be m(-3). What is the greatest common factor of 20 and g?
10
Suppose -7*m + 64 = -15*m. Let p be ((-20)/15)/(m/18). Suppose -a - 2*a = p*u - 39, 0 = -2*u + a + 32. What is the highest common factor of 60 and u?
15
Let a(k) = -2*k**2 - 41*k - 2. Let r be a(-20). Calculate the greatest common factor of 225 and r.
9
Let c(b) = -b**2 + 12*b. Let n = -39 - -46. Let s be c(n)